{"id":2,"date":"2021-04-13T08:59:10","date_gmt":"2021-04-13T08:59:10","guid":{"rendered":"https:\/\/www.ig-kultur.de\/?page_id=2"},"modified":"2021-04-25T19:16:24","modified_gmt":"2021-04-25T17:16:24","slug":"sample-page","status":"publish","type":"page","link":"https:\/\/www.ig-kultur.de\/","title":{"rendered":"IG-Kultur Frechen"},"content":{"rendered":"<div><b><img loading=\"lazy\" decoding=\"async\" class=\"alignnone size-medium wp-image-59\" src=\"https:\/\/www.ig-kultur.de\/wp-content\/uploads\/2021\/04\/IG-Kultur-Frechen-Logo_transparent-300x300.png\" alt=\"\" width=\"300\" height=\"300\" \/><\/b><\/div>\n<div><b>Willkommen bei der Interessengemeinschaft Kultur Frechen<\/b><\/div>\n<div><\/div>\n<div>\n<div><b>Wie entstand die IG Kultur, wer geh\u00f6rt ihr an und wof\u00fcr steht sie?<\/b><\/div>\n<div>\n<p>Am Anfang stand der Lockdown im Herbst 2020, der die Kulturschaffenden aller Bereiche in Frechen hart traf. Erste Hilfen waren zwar in Aussicht gestellt, aber noch lange nicht ausgezahlt; schlimmer noch war aber die pl\u00f6tzliche Unm\u00f6glichkeit jeglicher kulturellen Bet\u00e4tigung: Ausstellungen wurden geschlossen, Konzerte abgesagt, Theater und Kinos zugesperrt.<\/p>\n<p>Da trafen sich bei der vergangenen Kommunalwahl im September 2020 Johannes Paul, Vorsitzender des F\u00f6rdervereins Alt Sankt Ulrich in Buschbell und 1. Vorsitzender im Popchor JOY, Junger Chor Frechen, und Klaus Hillmann, Kunstspediteur und auch privat an Kunst interessiert, als Helfer im Wahllokal.<\/p>\n<p>Ihr Gespr\u00e4ch kam auf die Krise der Kunst und darauf, wie Abhilfe zu schaffen sei. Wie k\u00f6nnte \u00a0man der Kultur in Frechen auch im Lockdown mit Fantasie und Ideen wieder \u00d6ffentlichkeit verschaffen?<\/p>\n<p>Selbst im Frechener Kulturleben verankert, beschlossen sie, gemeinsam mit Helmut Kesberg, dem Vorsitzenden des Kunstvereins, eine Initiative zu gr\u00fcnden, die sie IG Kultur \/ Interessengemeinschaft Kultur in Frechen nannten. Bald stie\u00df noch Werner Hielen-Knabe dazu, auch er an Kultur interessiert und in Frechen lebend.<\/p>\n<p>Der Blick der Initiatoren auf die Frechener Szene ist ermutigend:<\/p>\n<p>Das Frechener Kulturleben ist auch im Schatten der Gro\u00dfstadt sehr ausgepr\u00e4gt und hebt sich deutlich vom Durchschnitt anderer St\u00e4dte ab.<\/p>\n<p>Viele Talente leben und arbeiten in der Frechener Kulturszene, denn Frechen hat viel zu bieten:<\/p>\n<p>Das Keramion, ein attraktives Theater-Ensemble, unser geliebtes Lindenkino und einen sehr aktiven Kunstverein, dazu die Musikschule, sowie zahlreiche Bands, Ch\u00f6re, Musiker, die \u00fcber die Grenzen Frechens hinaus bekannt sind.<\/p>\n<p>Die Stadt Frechen unterst\u00fctzt die Kultur mit finanziellen Zusch\u00fcssen und mit der Nutzung von st\u00e4dtischen Einrichtungen und hilft immer wieder unb\u00fcrokratisch. Dazu geh\u00f6rt auch die regelm\u00e4\u00dfige F\u00f6rderung der Internationalen Grafik-Triennale.<br \/>\nDie Interessengemeinschaft soll dieses Niveau nicht nur absichern, sondern weiter verbessern und auf Dauer verl\u00e4sslich gestalten.<\/p>\n<p>Zu oft wurde in den letzten Monaten Kultur als Hobby und Freizeitbesch\u00e4ftigung geringgesch\u00e4tzt, oder als Sahneh\u00e4ubchen auf dem Gesellschaftskuchen &#8211; sch\u00f6n, aber nicht unbedingt notwendig.<\/p>\n<p>Dagegen vertreten wir die Auffassung:<\/p>\n<p><strong>Kultur in jeder Form geh\u00f6rt zum Menschsein dazu, sie ist ein notwendiges Lebensmittel. <\/strong><\/p>\n<p>Dies wollen wir auch in der \u00f6ffentlichen Diskussion in unserer Stadt deutlich machen. An die Stelle von Vereinzelung und Machtlosigkeit sollen Solidarit\u00e4t und gegenseitige Unterst\u00fctzung treten.<br \/>\nDie IG Kultur soll den Interessen der Kultur eine eigene und vernehmbare Stimme verschaffen. Sie soll die unterschiedlichen und vielf\u00e4ltigen W\u00fcnsche aller Frechener Kulturschaffender b\u00fcndeln und in die \u00d6ffentlichkeit tragen.<br \/>\nUns schwebt ein Netzwerk zur Selbstorganisation, zum Austausch von Ideen und Informationen, f\u00fcr gegenseitige Einladungen und die Planung gemeinsamer Veranstaltungen, f\u00fcr den Austausch von Knowhow und Equipment vor.<\/p>\n<p>Wenige Wochen sp\u00e4ter luden die Initiatoren alle Mitglieder der Frechener Kulturszene zu einer Kennenlernrunde via Zoom ein, mehr als vierzig Interessierte nahmen daran teil und konstituierten sich zu einer vorerst losen Gruppierung.<\/p>\n<\/div>\n<\/div>\n","protected":false},"excerpt":{"rendered":"<p>Willkommen bei der Interessengemeinschaft Kultur Frechen Wie entstand die IG Kultur, wer geh\u00f6rt ihr an und wof\u00fcr steht sie? Am Anfang stand der Lockdown im Herbst 2020, der die Kulturschaffenden aller Bereiche in Frechen hart traf. Erste Hilfen waren zwar in Aussicht gestellt, aber noch lange nicht ausgezahlt; schlimmer noch war aber die pl\u00f6tzliche Unm\u00f6glichkeit &hellip; <a href=\"https:\/\/www.ig-kultur.de\/\" class=\"more-link\"><span class=\"screen-reader-text\">IG-Kultur Frechen<\/span> weiterlesen<\/a><\/p>\n","protected":false},"author":1,"featured_media":0,"parent":0,"menu_order":0,"comment_status":"closed","ping_status":"open","template":"","meta":{"footnotes":""},"class_list":["post-2","page","type-page","status-publish","hentry"],"_links":{"self":[{"href":"https:\/\/www.ig-kultur.de\/index.php?rest_route=\/wp\/v2\/pages\/2","targetHints":{"allow":["GET"]}}],"collection":[{"href":"https:\/\/www.ig-kultur.de\/index.php?rest_route=\/wp\/v2\/pages"}],"about":[{"href":"https:\/\/www.ig-kultur.de\/index.php?rest_route=\/wp\/v2\/types\/page"}],"author":[{"embeddable":true,"href":"https:\/\/www.ig-kultur.de\/index.php?rest_route=\/wp\/v2\/users\/1"}],"replies":[{"embeddable":true,"href":"https:\/\/www.ig-kultur.de\/index.php?rest_route=%2Fwp%2Fv2%2Fcomments&post=2"}],"version-history":[{"count":4,"href":"https:\/\/www.ig-kultur.de\/index.php?rest_route=\/wp\/v2\/pages\/2\/revisions"}],"predecessor-version":[{"id":68,"href":"https:\/\/www.ig-kultur.de\/index.php?rest_route=\/wp\/v2\/pages\/2\/revisions\/68"}],"wp:attachment":[{"href":"https:\/\/www.ig-kultur.de\/index.php?rest_route=%2Fwp%2Fv2%2Fmedia&parent=2"}],"curies":[{"name":"wp","href":"https:\/\/api.w.org\/{rel}","templated":true}]}}

<div><b><img loading="lazy" decoding="async" class="alignnone size-medium wp-image-59" src="https://www.ig-kultur.de/wp-content/uploads/2021/04/IG-Kultur-Frechen-Logo_transparent-300x300.png" alt="" width="300" height="300" /></b></div>
<div><b>Willkommen bei der Interessengemeinschaft Kultur Frechen</b></div>
<div></div>
<div>
<div><b>Wie entstand die IG Kultur, wer gehört ihr an und wofür steht sie?</b></div>
<div>
<p>Am Anfang stand der Lockdown im Herbst 2020, der die Kulturschaffenden aller Bereiche in Frechen hart traf. Erste Hilfen waren zwar in Aussicht gestellt, aber noch lange nicht ausgezahlt; schlimmer noch war aber die plötzliche Unmöglichkeit jeglicher kulturellen Betätigung: Ausstellungen wurden geschlossen, Konzerte abgesagt, Theater und Kinos zugesperrt.</p>
<p>Da trafen sich bei der vergangenen Kommunalwahl im September 2020 Johannes Paul, Vorsitzender des Fördervereins Alt Sankt Ulrich in Buschbell und 1. Vorsitzender im Popchor JOY, Junger Chor Frechen, und Klaus Hillmann, Kunstspediteur und auch privat an Kunst interessiert, als Helfer im Wahllokal.</p>
<p>Ihr Gespräch kam auf die Krise der Kunst und darauf, wie Abhilfe zu schaffen sei. Wie könnte  man der Kultur in Frechen auch im Lockdown mit Fantasie und Ideen wieder Öffentlichkeit verschaffen?</p>
<p>Selbst im Frechener Kulturleben verankert, beschlossen sie, gemeinsam mit Helmut Kesberg, dem Vorsitzenden des Kunstvereins, eine Initiative zu gründen, die sie IG Kultur / Interessengemeinschaft Kultur in Frechen nannten. Bald stieß noch Werner Hielen-Knabe dazu, auch er an Kultur interessiert und in Frechen lebend.</p>
<p>Der Blick der Initiatoren auf die Frechener Szene ist ermutigend:</p>
<p>Das Frechener Kulturleben ist auch im Schatten der Großstadt sehr ausgeprägt und hebt sich deutlich vom Durchschnitt anderer Städte ab.</p>
<p>Viele Talente leben und arbeiten in der Frechener Kulturszene, denn Frechen hat viel zu bieten:</p>
<p>Das Keramion, ein attraktives Theater-Ensemble, unser geliebtes Lindenkino und einen sehr aktiven Kunstverein, dazu die Musikschule, sowie zahlreiche Bands, Chöre, Musiker, die über die Grenzen Frechens hinaus bekannt sind.</p>
<p>Die Stadt Frechen unterstützt die Kultur mit finanziellen Zuschüssen und mit der Nutzung von städtischen Einrichtungen und hilft immer wieder unbürokratisch. Dazu gehört auch die regelmäßige Förderung der Internationalen Grafik-Triennale.<br />
Die Interessengemeinschaft soll dieses Niveau nicht nur absichern, sondern weiter verbessern und auf Dauer verlässlich gestalten.</p>
<p>Zu oft wurde in den letzten Monaten Kultur als Hobby und Freizeitbeschäftigung geringgeschätzt, oder als Sahnehäubchen auf dem Gesellschaftskuchen &#8211; schön, aber nicht unbedingt notwendig.</p>
<p>Dagegen vertreten wir die Auffassung:</p>
<p><strong>Kultur in jeder Form gehört zum Menschsein dazu, sie ist ein notwendiges Lebensmittel. </strong></p>
<p>Dies wollen wir auch in der öffentlichen Diskussion in unserer Stadt deutlich machen. An die Stelle von Vereinzelung und Machtlosigkeit sollen Solidarität und gegenseitige Unterstützung treten.<br />
Die IG Kultur soll den Interessen der Kultur eine eigene und vernehmbare Stimme verschaffen. Sie soll die unterschiedlichen und vielfältigen Wünsche aller Frechener Kulturschaffender bündeln und in die Öffentlichkeit tragen.<br />
Uns schwebt ein Netzwerk zur Selbstorganisation, zum Austausch von Ideen und Informationen, für gegenseitige Einladungen und die Planung gemeinsamer Veranstaltungen, für den Austausch von Knowhow und Equipment vor.</p>
<p>Wenige Wochen später luden die Initiatoren alle Mitglieder der Frechener Kulturszene zu einer Kennenlernrunde via Zoom ein, mehr als vierzig Interessierte nahmen daran teil und konstituierten sich zu einer vorerst losen Gruppierung.</p>
</div>
</div>

<p>Willkommen bei der Interessengemeinschaft Kultur Frechen Wie entstand die IG Kultur, wer gehört ihr an und wofür steht sie? Am Anfang stand der Lockdown im Herbst 2020, der die Kulturschaffenden aller Bereiche in Frechen hart traf. Erste Hilfen waren zwar in Aussicht gestellt, aber noch lange nicht ausgezahlt; schlimmer noch war aber die plötzliche Unmöglichkeit &hellip; <a href="https://www.ig-kultur.de/" class="more-link"><span class="screen-reader-text">IG-Kultur Frechen</span> weiterlesen</a></p>
