{"id":36,"date":"2021-04-25T18:27:06","date_gmt":"2021-04-25T16:27:06","guid":{"rendered":"https:\/\/www.ig-kultur.de\/?page_id=36"},"modified":"2021-05-09T15:41:06","modified_gmt":"2021-05-09T13:41:06","slug":"termine","status":"publish","type":"page","link":"https:\/\/www.ig-kultur.de\/?page_id=36","title":{"rendered":"Miniaturen: R\u00fcckblick"},"content":{"rendered":"<h3 style=\"text-align: center;\">R\u00fcckblick: Miniaturen am 01.05.2021<\/h3>\n<p>\u201eBegl\u00fcckend waren die MINIATUREN der IG KULTUR FRECHEN f\u00fcr mich, weil ich nach langer Zeit erstmals wieder vor Publikum singen konnte und mit Menschen \u00fcber meine Kunst in Kontakt treten konnte!\u201c So wie der S\u00e4ngerin Anna Lautwein ging es auch den anderen Auff\u00fchrenden, die auf Initiative der im Januar gegr\u00fcndeten IG KULTUR FRECHEN bei der ersten kulturellen Pr\u00e4sentation mit dem Namen \u201eMINIATUREN\u201c am 1. Mai\u00a0 dabei waren.<\/p>\n<p>Online per Videolink konnte ein Publikum von 100 kulturliebenden Menschen\u00a017 hochkar\u00e4tige Auff\u00fchrungen von 20 Minuten Dauer erleben. Die K\u00fcnstlerinnen Irene Ehlers und Angelika Schneeberger sprachen mit dem Publikum \u00fcber ihre Bilder, Helmut Kesberg trug Geschichten zu seinen Bildern vor, die Musiker*innen Peter Worms, Anna Lautwein, Ingeborg Danz, Peter Stein, Elvira Bill, Alexander Bill und Georg Peters erfreuten die zugeschalteten G\u00e4ste mit Gesang und Instrumentalkl\u00e4ngen, Rimma Hahn spielte die Orgel in Alt St. Ulrich, die Improgruppe des Harlekin-Theaters \u00fcberraschte mit Spontantheater, Maria Sarafidou, Ruth Forschbach, Maria Segschneider trugen Gedichte und Erz\u00e4hlungen vor, Klaus Hillmann sprach mit seinen G\u00e4sten \u00fcber Max Frischs hintergr\u00fcndigen ersten Fragebogen, \u00a0und der Historiker Martin Bock f\u00fchrte Ansichtskarten zu Frechen vor. Alles war digital und damit absolut coronakonform. F\u00fcr die K\u00fcnstler*innen war es wunderbar, mal wieder lebendiges Publikum vor der Nase zu haben. Der anschlie\u00dfende Austausch zwischen K\u00fcnstler*innen und Publikum war ber\u00fchrend f\u00fcr alle.<\/p>\n<p>Eigentlich war das neuartige Format der MINIATUREN als Ersatz f\u00fcr die MIKROKOSMEN gedacht, die Ende April an 5 Orten in Frechen real aufgef\u00fchrt werden sollten. Dies fiel coronabedingt aus und soll nachgeholt werden.\u00a0 Aber das neue Format f\u00fcllte nicht nur eine L\u00fccke, es stie\u00df sogar auf \u00fcberw\u00e4ltigenden Zuspruch. Daher soll es sehr bald eine weitere Auflage geben.<\/p>\n<p>&nbsp;<\/p>\n","protected":false},"excerpt":{"rendered":"<p>R\u00fcckblick: Miniaturen am 01.05.2021 \u201eBegl\u00fcckend waren die MINIATUREN der IG KULTUR FRECHEN f\u00fcr mich, weil ich nach langer Zeit erstmals wieder vor Publikum singen konnte und mit Menschen \u00fcber meine Kunst in Kontakt treten konnte!\u201c So wie der S\u00e4ngerin Anna Lautwein ging es auch den anderen Auff\u00fchrenden, die auf Initiative der im Januar gegr\u00fcndeten IG &hellip; <a href=\"https:\/\/www.ig-kultur.de\/?page_id=36\" class=\"more-link\"><span class=\"screen-reader-text\">Miniaturen: R\u00fcckblick<\/span> weiterlesen<\/a><\/p>\n","protected":false},"author":2,"featured_media":0,"parent":0,"menu_order":0,"comment_status":"closed","ping_status":"closed","template":"","meta":{"footnotes":""},"class_list":["post-36","page","type-page","status-publish","hentry"],"_links":{"self":[{"href":"https:\/\/www.ig-kultur.de\/index.php?rest_route=\/wp\/v2\/pages\/36","targetHints":{"allow":["GET"]}}],"collection":[{"href":"https:\/\/www.ig-kultur.de\/index.php?rest_route=\/wp\/v2\/pages"}],"about":[{"href":"https:\/\/www.ig-kultur.de\/index.php?rest_route=\/wp\/v2\/types\/page"}],"author":[{"embeddable":true,"href":"https:\/\/www.ig-kultur.de\/index.php?rest_route=\/wp\/v2\/users\/2"}],"replies":[{"embeddable":true,"href":"https:\/\/www.ig-kultur.de\/index.php?rest_route=%2Fwp%2Fv2%2Fcomments&post=36"}],"version-history":[{"count":28,"href":"https:\/\/www.ig-kultur.de\/index.php?rest_route=\/wp\/v2\/pages\/36\/revisions"}],"predecessor-version":[{"id":134,"href":"https:\/\/www.ig-kultur.de\/index.php?rest_route=\/wp\/v2\/pages\/36\/revisions\/134"}],"wp:attachment":[{"href":"https:\/\/www.ig-kultur.de\/index.php?rest_route=%2Fwp%2Fv2%2Fmedia&parent=36"}],"curies":[{"name":"wp","href":"https:\/\/api.w.org\/{rel}","templated":true}]}}

Miniaturen: Rückblick

<h3 style="text-align: center;">Rückblick: Miniaturen am 01.05.2021</h3>
<p>„Beglückend waren die MINIATUREN der IG KULTUR FRECHEN für mich, weil ich nach langer Zeit erstmals wieder vor Publikum singen konnte und mit Menschen über meine Kunst in Kontakt treten konnte!“ So wie der Sängerin Anna Lautwein ging es auch den anderen Aufführenden, die auf Initiative der im Januar gegründeten IG KULTUR FRECHEN bei der ersten kulturellen Präsentation mit dem Namen „MINIATUREN“ am 1. Mai  dabei waren.</p>
<p>Online per Videolink konnte ein Publikum von 100 kulturliebenden Menschen 17 hochkarätige Aufführungen von 20 Minuten Dauer erleben. Die Künstlerinnen Irene Ehlers und Angelika Schneeberger sprachen mit dem Publikum über ihre Bilder, Helmut Kesberg trug Geschichten zu seinen Bildern vor, die Musiker*innen Peter Worms, Anna Lautwein, Ingeborg Danz, Peter Stein, Elvira Bill, Alexander Bill und Georg Peters erfreuten die zugeschalteten Gäste mit Gesang und Instrumentalklängen, Rimma Hahn spielte die Orgel in Alt St. Ulrich, die Improgruppe des Harlekin-Theaters überraschte mit Spontantheater, Maria Sarafidou, Ruth Forschbach, Maria Segschneider trugen Gedichte und Erzählungen vor, Klaus Hillmann sprach mit seinen Gästen über Max Frischs hintergründigen ersten Fragebogen,  und der Historiker Martin Bock führte Ansichtskarten zu Frechen vor. Alles war digital und damit absolut coronakonform. Für die Künstler*innen war es wunderbar, mal wieder lebendiges Publikum vor der Nase zu haben. Der anschließende Austausch zwischen Künstler*innen und Publikum war berührend für alle.</p>
<p>Eigentlich war das neuartige Format der MINIATUREN als Ersatz für die MIKROKOSMEN gedacht, die Ende April an 5 Orten in Frechen real aufgeführt werden sollten. Dies fiel coronabedingt aus und soll nachgeholt werden.  Aber das neue Format füllte nicht nur eine Lücke, es stieß sogar auf überwältigenden Zuspruch. Daher soll es sehr bald eine weitere Auflage geben.</p>
<p>&nbsp;</p>

<p>Rückblick: Miniaturen am 01.05.2021 „Beglückend waren die MINIATUREN der IG KULTUR FRECHEN für mich, weil ich nach langer Zeit erstmals wieder vor Publikum singen konnte und mit Menschen über meine Kunst in Kontakt treten konnte!“ So wie der Sängerin Anna Lautwein ging es auch den anderen Aufführenden, die auf Initiative der im Januar gegründeten IG &hellip; <a href="https://www.ig-kultur.de/?page_id=36" class="more-link"><span class="screen-reader-text">Miniaturen: Rückblick</span> weiterlesen</a></p>
