{"id":48,"date":"2021-04-25T18:53:08","date_gmt":"2021-04-25T16:53:08","guid":{"rendered":"https:\/\/www.ig-kultur.de\/?page_id=48"},"modified":"2021-08-11T17:18:03","modified_gmt":"2021-08-11T15:18:03","slug":"kunst","status":"publish","type":"page","link":"https:\/\/www.ig-kultur.de\/?page_id=48","title":{"rendered":"Kunst"},"content":{"rendered":"<h3><span style=\"color: #ff0000;\">Keramion<\/span><\/h3>\n<p><img loading=\"lazy\" decoding=\"async\" class=\"alignnone size-medium wp-image-196\" src=\"https:\/\/www.ig-kultur.de\/wp-content\/uploads\/2021\/08\/Keramion_Foto-Stapelfeldt-300x218.jpg\" alt=\"\" width=\"300\" height=\"218\" srcset=\"https:\/\/www.ig-kultur.de\/wp-content\/uploads\/2021\/08\/Keramion_Foto-Stapelfeldt-300x218.jpg 300w, https:\/\/www.ig-kultur.de\/wp-content\/uploads\/2021\/08\/Keramion_Foto-Stapelfeldt-1024x743.jpg 1024w, https:\/\/www.ig-kultur.de\/wp-content\/uploads\/2021\/08\/Keramion_Foto-Stapelfeldt-768x557.jpg 768w, https:\/\/www.ig-kultur.de\/wp-content\/uploads\/2021\/08\/Keramion_Foto-Stapelfeldt-1536x1115.jpg 1536w, https:\/\/www.ig-kultur.de\/wp-content\/uploads\/2021\/08\/Keramion_Foto-Stapelfeldt-2048x1486.jpg 2048w\" sizes=\"auto, (max-width: 300px) 100vw, 300px\" \/><\/p>\n<h6>Stiftung KERAMION \u2013 Zentrum f\u00fcr moderne und historische Keramik<\/h6>\n<p>Das Museum pr\u00e4sentiert zwei au\u00dfergew\u00f6hnliche Sammlungen von internationaler moderner\u00a0Unikatkeramik und regionaler historischer Keramik. 1971 als futuristisch anmutender\u00a0Schauraum von Dr. Cremer f\u00fcr seine Sammlung moderner keramischer Kunst erbaut, befindet\u00a0sich das KERAMION seit 2002 in der Tr\u00e4gerschaft einer privaten Stiftung.<\/p>\n<p>J\u00e4hrlich zeigt das KERAMION mehrere Ausstellungen moderner Keramik aus dem eigenen\u00a0Bestand und weitere Sonderausstellungen: Klassische oder experimentelle keramische Kunst\u00a0von K\u00fcnstler:innen aus Deutschland und dem Ausland sowie arch\u00e4ologische oder aktuelle\u00a0Fragestellungen wechseln sich ab. Dabei sind die Themen so weit gef\u00e4chert wie der Umgang\u00a0mit dem Material Ton und seine Bearbeitungsm\u00f6glichkeiten.<\/p>\n<p>In der Dauerpr\u00e4sentation der Historischen Abteilung lernen Besucher:innen die ber\u00fchmten\u00a0Frechener Bartmannkr\u00fcge wie auch bemalte und bleiglasierte Irdenware als ein St\u00fcck\u00a0rheinischer Keramikgeschichte kennen. Die historische Keramik wird als Dauerleihgabe der\u00a0Stadt Frechen durch die Stiftung betreut.<\/p>\n<p>Die au\u00dfergew\u00f6hnliche Architektur samt attraktivem Au\u00dfengel\u00e4nde macht den<br \/>\nMuseumsbesuch zu einem sch\u00f6nen Erlebnis. Zudem sorgt ein vielf\u00e4ltiges Angebot an\u00a0praktischen Kursen f\u00fcr alle Altersstufen und auch f\u00fcr Kita- und Schulgruppen f\u00fcr einen\u00a0sinnlich-kreativen Einstieg in die keramische Kunst.<\/p>\n<p><a href=\"https:\/\/keramion.de\/\" target=\"_blank\" rel=\"noopener\">https:\/\/keramion.de\/<\/a><\/p>\n<h3><span style=\"color: #ff0000;\"><strong>Kunstzentrum Signalwerk<\/strong><\/span><\/h3>\n<p>Atelierhaus mit 24 K\u00fcnstlerateliers. Hier arbeiten K\u00fcnstlerInnen in ganz unterschiedlichen Bereichen, wie Malerei, Zeichnung, Fotografie, Plastik, Keramik, Weberei. An zwei Terminen im Jahr werden die Ateliers f\u00fcr Besucher ge\u00f6ffnet, f\u00fcr\u00a0den Fr\u00fchjahrsKunstSalon und die Offenen Ateliertage in Frechen. Besucher sind nach Anmeldung immer willkommen.<br \/>\n<a href=\"http:\/\/www.kunstzentrum-signalwerk.de\/\" target=\"_blank\" rel=\"noopener\" data-saferedirecturl=\"https:\/\/www.google.com\/url?q=http:\/\/www.kunstzentrum-signalwerk.de&amp;source=gmail&amp;ust=1620653309287000&amp;usg=AFQjCNFPymEWMRVByCJPcBMJIcwayixhjw\">www.kunstzentrum-signalwerk.de<\/a><\/p>\n<h5><strong>K\u00fcnstlerInnen im Signalwerk:<\/strong><\/h5>\n<p><span style=\"color: #ff0000;\">Angelika Schneeberger<\/span><br \/>\nZeichnung und Malerei<br \/>\n<a href=\"http:\/\/www.angelika-schneeberger.de\/\" target=\"_blank\" rel=\"noopener\" data-saferedirecturl=\"https:\/\/www.google.com\/url?q=http:\/\/www.angelika-schneeberger.de&amp;source=gmail&amp;ust=1620653309287000&amp;usg=AFQjCNFfGvVbq3jshpDlOxmPMpb847tDfg\">www.angelika-schneeberger.de<\/a><\/p>\n<p><span style=\"color: #ff0000;\">Irene Ehlers<br \/>\n<span style=\"color: #000000;\">Bildende Kunst und Malerei<br \/>\n<\/span><\/span><a href=\"https:\/\/irene-ehlers.jimdofree.com\/\" target=\"_blank\" rel=\"noopener\" data-saferedirecturl=\"https:\/\/www.google.com\/url?q=https:\/\/irene-ehlers.jimdofree.com\/&amp;source=gmail&amp;ust=1620763303387000&amp;usg=AFQjCNF4bJqusmmXD-XV6kdkEBCfqkJpAg\">https:\/\/irene-ehlers.<wbr \/>jimdofree.com\/<\/a><\/p>\n<h5><strong>K\u00fcnstlerInnen au\u00dferhalb des Signalwerks:<\/strong><\/h5>\n<p><span style=\"color: #ff0000;\">Sabine Puschmann-Diegel<\/span><br \/>\n<a href=\"http:\/\/www.puschmann-diegel.de\">http:\/\/www.puschmann-diegel.de<\/a><\/p>\n<p><span style=\"color: #ff0000;\">Maria Segschneider<\/span><br \/>\n<a href=\"http:\/\/www.mariasegschneider.de\" target=\"_blank\" rel=\"noopener\">http:\/\/www.mariasegschneider.de<\/a><\/p>\n<p><span style=\"color: #ff0000;\">Ines Hock<\/span><br \/>\n<a href=\"http:\/\/www.ineshock.de\" target=\"_blank\" rel=\"noopener\">http:\/\/www.ineshock.de<\/a><\/p>\n<p><span style=\"color: #ff0000;\">Music4everybody<\/span><br \/>\n<a href=\"https:\/\/music4everybody.com\" target=\"_blank\" rel=\"noopener\">https:\/\/music4everybody.com<\/a><\/p>\n<p>&nbsp;<\/p>\n<p>&nbsp;<\/p>\n<p>&nbsp;<\/p>\n","protected":false},"excerpt":{"rendered":"<p>Keramion Stiftung KERAMION \u2013 Zentrum f\u00fcr moderne und historische Keramik Das Museum pr\u00e4sentiert zwei au\u00dfergew\u00f6hnliche Sammlungen von internationaler moderner\u00a0Unikatkeramik und regionaler historischer Keramik. 1971 als futuristisch anmutender\u00a0Schauraum von Dr. Cremer f\u00fcr seine Sammlung moderner keramischer Kunst erbaut, befindet\u00a0sich das KERAMION seit 2002 in der Tr\u00e4gerschaft einer privaten Stiftung. J\u00e4hrlich zeigt das KERAMION mehrere Ausstellungen moderner &hellip; <a href=\"https:\/\/www.ig-kultur.de\/?page_id=48\" class=\"more-link\"><span class=\"screen-reader-text\">Kunst<\/span> weiterlesen<\/a><\/p>\n","protected":false},"author":2,"featured_media":0,"parent":0,"menu_order":0,"comment_status":"closed","ping_status":"closed","template":"","meta":{"footnotes":""},"class_list":["post-48","page","type-page","status-publish","hentry"],"_links":{"self":[{"href":"https:\/\/www.ig-kultur.de\/index.php?rest_route=\/wp\/v2\/pages\/48","targetHints":{"allow":["GET"]}}],"collection":[{"href":"https:\/\/www.ig-kultur.de\/index.php?rest_route=\/wp\/v2\/pages"}],"about":[{"href":"https:\/\/www.ig-kultur.de\/index.php?rest_route=\/wp\/v2\/types\/page"}],"author":[{"embeddable":true,"href":"https:\/\/www.ig-kultur.de\/index.php?rest_route=\/wp\/v2\/users\/2"}],"replies":[{"embeddable":true,"href":"https:\/\/www.ig-kultur.de\/index.php?rest_route=%2Fwp%2Fv2%2Fcomments&post=48"}],"version-history":[{"count":14,"href":"https:\/\/www.ig-kultur.de\/index.php?rest_route=\/wp\/v2\/pages\/48\/revisions"}],"predecessor-version":[{"id":198,"href":"https:\/\/www.ig-kultur.de\/index.php?rest_route=\/wp\/v2\/pages\/48\/revisions\/198"}],"wp:attachment":[{"href":"https:\/\/www.ig-kultur.de\/index.php?rest_route=%2Fwp%2Fv2%2Fmedia&parent=48"}],"curies":[{"name":"wp","href":"https:\/\/api.w.org\/{rel}","templated":true}]}}

<h3><span style="color: #ff0000;">Keramion</span></h3>
<p><img loading="lazy" decoding="async" class="alignnone size-medium wp-image-196" src="https://www.ig-kultur.de/wp-content/uploads/2021/08/Keramion_Foto-Stapelfeldt-300x218.jpg" alt="" width="300" height="218" srcset="https://www.ig-kultur.de/wp-content/uploads/2021/08/Keramion_Foto-Stapelfeldt-300x218.jpg 300w, https://www.ig-kultur.de/wp-content/uploads/2021/08/Keramion_Foto-Stapelfeldt-1024x743.jpg 1024w, https://www.ig-kultur.de/wp-content/uploads/2021/08/Keramion_Foto-Stapelfeldt-768x557.jpg 768w, https://www.ig-kultur.de/wp-content/uploads/2021/08/Keramion_Foto-Stapelfeldt-1536x1115.jpg 1536w, https://www.ig-kultur.de/wp-content/uploads/2021/08/Keramion_Foto-Stapelfeldt-2048x1486.jpg 2048w" sizes="auto, (max-width: 300px) 100vw, 300px" /></p>
<h6>Stiftung KERAMION – Zentrum für moderne und historische Keramik</h6>
<p>Das Museum präsentiert zwei außergewöhnliche Sammlungen von internationaler moderner Unikatkeramik und regionaler historischer Keramik. 1971 als futuristisch anmutender Schauraum von Dr. Cremer für seine Sammlung moderner keramischer Kunst erbaut, befindet sich das KERAMION seit 2002 in der Trägerschaft einer privaten Stiftung.</p>
<p>Jährlich zeigt das KERAMION mehrere Ausstellungen moderner Keramik aus dem eigenen Bestand und weitere Sonderausstellungen: Klassische oder experimentelle keramische Kunst von Künstler:innen aus Deutschland und dem Ausland sowie archäologische oder aktuelle Fragestellungen wechseln sich ab. Dabei sind die Themen so weit gefächert wie der Umgang mit dem Material Ton und seine Bearbeitungsmöglichkeiten.</p>
<p>In der Dauerpräsentation der Historischen Abteilung lernen Besucher:innen die berühmten Frechener Bartmannkrüge wie auch bemalte und bleiglasierte Irdenware als ein Stück rheinischer Keramikgeschichte kennen. Die historische Keramik wird als Dauerleihgabe der Stadt Frechen durch die Stiftung betreut.</p>
<p>Die außergewöhnliche Architektur samt attraktivem Außengelände macht den<br />
Museumsbesuch zu einem schönen Erlebnis. Zudem sorgt ein vielfältiges Angebot an praktischen Kursen für alle Altersstufen und auch für Kita- und Schulgruppen für einen sinnlich-kreativen Einstieg in die keramische Kunst.</p>
<p><a href="https://keramion.de/" target="_blank" rel="noopener">https://keramion.de/</a></p>
<h3><span style="color: #ff0000;"><strong>Kunstzentrum Signalwerk</strong></span></h3>
<p>Atelierhaus mit 24 Künstlerateliers. Hier arbeiten KünstlerInnen in ganz unterschiedlichen Bereichen, wie Malerei, Zeichnung, Fotografie, Plastik, Keramik, Weberei. An zwei Terminen im Jahr werden die Ateliers für Besucher geöffnet, für den FrühjahrsKunstSalon und die Offenen Ateliertage in Frechen. Besucher sind nach Anmeldung immer willkommen.<br />
<a href="http://www.kunstzentrum-signalwerk.de/" target="_blank" rel="noopener" data-saferedirecturl="https://www.google.com/url?q=http://www.kunstzentrum-signalwerk.de&amp;source=gmail&amp;ust=1620653309287000&amp;usg=AFQjCNFPymEWMRVByCJPcBMJIcwayixhjw">www.kunstzentrum-signalwerk.de</a></p>
<h5><strong>KünstlerInnen im Signalwerk:</strong></h5>
<p><span style="color: #ff0000;">Angelika Schneeberger</span><br />
Zeichnung und Malerei<br />
<a href="http://www.angelika-schneeberger.de/" target="_blank" rel="noopener" data-saferedirecturl="https://www.google.com/url?q=http://www.angelika-schneeberger.de&amp;source=gmail&amp;ust=1620653309287000&amp;usg=AFQjCNFfGvVbq3jshpDlOxmPMpb847tDfg">www.angelika-schneeberger.de</a></p>
<p><span style="color: #ff0000;">Irene Ehlers<br />
<span style="color: #000000;">Bildende Kunst und Malerei<br />
</span></span><a href="https://irene-ehlers.jimdofree.com/" target="_blank" rel="noopener" data-saferedirecturl="https://www.google.com/url?q=https://irene-ehlers.jimdofree.com/&amp;source=gmail&amp;ust=1620763303387000&amp;usg=AFQjCNF4bJqusmmXD-XV6kdkEBCfqkJpAg">https://irene-ehlers.<wbr />jimdofree.com/</a></p>
<h5><strong>KünstlerInnen außerhalb des Signalwerks:</strong></h5>
<p><span style="color: #ff0000;">Sabine Puschmann-Diegel</span><br />
<a href="http://www.puschmann-diegel.de">http://www.puschmann-diegel.de</a></p>
<p><span style="color: #ff0000;">Maria Segschneider</span><br />
<a href="http://www.mariasegschneider.de" target="_blank" rel="noopener">http://www.mariasegschneider.de</a></p>
<p><span style="color: #ff0000;">Ines Hock</span><br />
<a href="http://www.ineshock.de" target="_blank" rel="noopener">http://www.ineshock.de</a></p>
<p><span style="color: #ff0000;">Music4everybody</span><br />
<a href="https://music4everybody.com" target="_blank" rel="noopener">https://music4everybody.com</a></p>
<p>&nbsp;</p>
<p>&nbsp;</p>
<p>&nbsp;</p>

<p>Keramion Stiftung KERAMION – Zentrum für moderne und historische Keramik Das Museum präsentiert zwei außergewöhnliche Sammlungen von internationaler moderner Unikatkeramik und regionaler historischer Keramik. 1971 als futuristisch anmutender Schauraum von Dr. Cremer für seine Sammlung moderner keramischer Kunst erbaut, befindet sich das KERAMION seit 2002 in der Trägerschaft einer privaten Stiftung. Jährlich zeigt das KERAMION mehrere Ausstellungen moderner &hellip; <a href="https://www.ig-kultur.de/?page_id=48" class="more-link"><span class="screen-reader-text">Kunst</span> weiterlesen</a></p>
